4283116 a multiple of 9?
True
Is 11165570 a multiple of 130?
True
Is 1990653652 a multiple of 18?
False
Is 18433047 a multiple of 3?
True
Is 1170 a factor of 570452524?
False
Is 7303089 a multiple of 1320?
False
Does 438 divide 50362554?
True
Is 21 a factor of 73475493?
True
Does 237 divide 93384873?
True
Is 1295646851 a multiple of 2603?
False
Is 15635224 a multiple of 101?
False
Is 3268859 a multiple of 324?
False
Does 136 divide 41388875?
False
Does 126 divide 33644887?
False
Is 47200329 a multiple of 3377?
True
Is 82414174 a multiple of 10?
False
Is 517 a factor of 9008725?
True
Is 4410 a factor of 333113760?
True
Is 13301953 a multiple of 158?
False
Is 1545885950 a multiple of 10?
True
Is 496 a factor of 6489168?
True
Is 39288198 a multiple of 3158?
False
Is 6 a factor of 534070894?
False
Is 31 a factor of 12033912?
False
Is 11 a factor of 108673093?
False
Does 47 divide 5523628?
True
Does 119 divide 134843663?
False
Does 16 divide 5189870005?
False
Is 21 a factor of 4915995?
True
Does 4711 divide 779896628?
True
Is 5 a factor of 16381048?
False
Does 256 divide 22680576?
True
Is 1307306445 a multiple of 25?
False
Does 307 divide 680007000?
False
Is 883200512 a multiple of 3852?
False
Is 133 a factor of 319010076?
True
Is 681 a factor of 2054630799?
True
Is 203984830 a multiple of 108?
False
Is 908024390 a multiple of 9?
False
Is 13711 a factor of 4443063930?
False
Is 89 a factor of 590706439?
True
Is 519876860 a multiple of 7643?
True
Is 19 a factor of 444698?
False
Is 499 a factor of 770429553?
True
Is 66685600 a multiple of 2572?
False
Is 9 a factor of 7194222?
True
Is 1061218720 a multiple of 3903?
False
Is 7 a factor of 2189057?
False
Is 210135634 a multiple of 2010?
False
Is 958 a factor of 13613180?
True
Does 4 divide 167433?
False
Does 32 divide 32167488?
True
Is 28 a factor of 14017836?
True
Does 3603 divide 546691524?
False
Is 4 a factor of 19010848?
True
Is 12694 a factor of 5970660982?
True
Is 420 a factor of 36389471?
False
Does 18 divide 421785731?
False
Is 203726035 a multiple of 51?
False
Is 342965935 a multiple of 13?
True
Does 21 divide 4889430?
True
Is 423571680 a multiple of 216?
True
Is 358 a factor of 2668975223?
False
Does 58 divide 9283920?
False
Is 5965 a factor of 141018565?
True
Does 119 divide 50584520?
True
Does 23 divide 29902599?
True
Does 459 divide 45612809?
False
Does 265 divide 27372910?
True
Is 23505344 a multiple of 581?
False
Is 14 a factor of 7164094?
True
Does 246 divide 676829886?
True
Is 5 a factor of 203594780?
True
Does 2245 divide 44817817?
False
Is 60859733 a multiple of 12?
False
Is 21283899 a multiple of 21?
True
Does 901 divide 44079752?
False
Does 197 divide 13091789?
False
Is 49870250 a multiple of 121?
False
Is 306656064 a multiple of 918?
True
Is 61748514 a multiple of 621?
True
Is 2973 a factor of 1418073432?
True
Does 4048 divide 294480414?
False
Is 46 a factor of 3340825026?
True
Is 526 a factor of 104669488?
False
Does 1127 divide 22888243?
True
Does 2059 divide 205737339?
True
Is 429 a factor of 368705?
False
Is 664 a factor of 723738679?
False
Does 845 divide 649827815?
True
Does 62 divide 60721502?
False
Is 35654166 a multiple of 261?
True
Is 138 a factor of 323364816?
False
Is 1081840 a multiple of 8?
True
Is 843 a factor of 2239723745?
False
Is 15 a factor of 29035710?
True
Is 757 a factor of 217588295?
True
Is 63488498 a multiple of 26?
False
Is 22142106 a multiple of 126?
True
Is 141 a factor of 81149473?
False
Does 8 divide 32289832?
True
Is 7 a factor of 5575332?
True
Does 9 divide 72351488?
False
Is 903 a factor of 183310806?
True
Is 38201495 a multiple of 177?
False
Does 1986 divide 154492833?
False
Does 3885 divide 87342570?
True
Is 122063051 a multiple of 5?
False
Is 320767 a multiple of 2764?
False
Is 77 a factor of 29061994?
False
Is 76 a factor of 138726904?
True
Does 16 divide 38410352?
True
Is 809 a factor of 3727063?
True
Is 27634244 a multiple of 11?
True
Is 2590 a factor of 47710390?
True
Is 6201 a factor of 2719727595?
True
Is 19078468 a multiple of 113?
True
Does 4901 divide 11331112?
True
Does 38 divide 1425556054?
True
Is 102 a factor of 188443361?
False
Is 4431528 a multiple of 12?
True
Is 12017832 a multiple of 354?
False
Is 143408984 a multiple of 8?
True
Is 74 a factor of 1084287343?
False
Does 27 divide 2619243?
True
Is 8872817 a multiple of 2029?
True
Is 130 a factor of 31426330?
True
Does 57 divide 281614542?
True
Is 2916 a factor of 53957664?
True
Does 7 divide 324666?
False
Is 91 a factor of 4379032658?
True
Is 177745344 a multiple of 1568?
True
Does 675 divide 141096419?
False
Does 207 divide 118946133?
True
Is 53 a factor of 59962610?
True
Does 10 divide 12123570?
True
Is 73983522 a multiple of 43?
False
Is 5643579484 a multiple of 12332?
True
Does 198 divide 1066223268?
True
Does 29 divide 155806531?
True
Is 297 a factor of 13782285?
True
Does 223 divide 53979761?
False
Does 26 divide 175362538?
True
Is 27580502 a multiple of 16?
False
Does 34 divide 1523982?
True
Is 4535892 a multiple of 108?
True
Does 24 divide 1103756?
False
Is 5 a factor of 17204210?
True
Does 72 divide 2082269664?
True
Is 2961840180 a multiple of 377?
True
Is 9253 a factor of 402679453?
False
Does 147 divide 6675858?
True
Is 7 a factor of 27103037?
False
Is 2543449096 a multiple of 3533?
True
Is 7 a factor of 58055679?
False
Does 207 divide 5767641?
True
Is 418230 a multiple of 3?
True
Is 129604926 a multiple of 22?
True
Is 145741441 a multiple of 2?
False
Is 3 a factor of 150869616?
True
Is 4 a factor of 785645?
False
Does 160 divide 48789760?
True
Is 85683970 a multiple of 71?
False
Does 14 divide 183065096?
False
Does 24 divide 4774755?
False
Is 132 a factor of 2585352?
True
Does 17 divide 52652468?
True
Does 10 divide 60555620?
True
Does 44 divide 91369608?
True
Is 24 a factor of 238521576?
True
Is 50 a factor of 1014703049?
False
Is 189 a factor of 22447741?
False
Is 299922766 a multiple of 22?
True
Does 341 divide 44994312?
False
Does 22 divide 4474883?
False
Is 17 a factor of 2268013537?
True
Is 646858116 a multiple of 7331?
True
Is 32238804 a multiple of 2?
True
Is 52260747 a multiple of 2541?
True
Is 529917 even?
False
Is 2176 a factor of 83654144?
True
Is 4 a factor of 3224523?
False
Does 740 divide 57354277?
False
Is 348 a factor of 6753790?
False
Does 9 divide 1599137461?
False
Does 1876 divide 29297360?
False
Is 4446 a factor of 1495758888?
True
Is 440 a factor of 4772680?
True
Does 1052 divide 817553384?
True
Is 5 a factor of 6654275?
True
Is 836 a factor of 357703171?
False
Is 13 a factor of 326284790?
True
Is 9 a factor of 15064359?
False
Does 4 divide 129588768?
True
Does 3179 divide 469671818?
True
Is 37 a factor of 281920760?
True
Is 185 a factor of 104190894?
False
Is 104 a factor of 246694552?
True
Is 49 a factor of 1559787774?
False
Does 2653 divide 354509778?
True
Does 112 divide 21783093?
False
Is 72 a factor of 159582853?
False
Is 1116 a factor of 3050124770?
False
Is 9 a factor of 47173659?
False
Does 383 divide 77404683?
True
Is 70 a factor of 1565740050?
True
Does 568 divide 474005897?
False
Is 30 a factor of 3384058950?
True
Is 4662198 a multiple of 106?
True
Is 135625890 a multiple of 15?
True
Is 17348136 a multiple of 24?
True
Is 265 a factor of 17130130?
True
Is 2218 a factor of 332977250?
True
Does 8 divide 287095764?
False
Does 26 divide 189266228?
False
Is 165969544 a multiple of 1142?
False
Is 127685023 a multiple of 4049?
False
Does 127 divide 30678313?
False
Is 88945007 a multiple of 13?
False
Does 24 divide 1416535608?
True
Is 1128631973 a multiple of 134?
False
Is 210 a factor of 423093720?
True
Is 503 a factor of 7357381?
True
Is 226 a factor of 3169470?
False
Is 36 a factor of 83429640?
True
Is 7 a factor of 741110821?
False
Does 103 divide 8469896?
True
Does 1791 divide 6193704258?
True
Does 53 divide 2021897?
True
Is 34726482 a multiple of 5?
False
Is 4 a factor of 13766512?
True
Is 17 a factor of 7447972?
True
Is 962264824 a multiple of 2191?
False
Is 795 a factor of 906774615?
True
Is 8527 a factor of 2800283854?
True
Is 5570 a factor of 1340258556?
False
Is 3394691 a multiple of 14?
False
Is 118390941 a multiple of 11?
False
Is 1127 a factor of 372532104?
True
Does 36 divide 744743664?
True
Does 2047 divide 85435500?
False
D